e greatest common factor of p and 159.
53
Let z be 9/81*0 + 130. Calculate the highest common factor of z and 1.
1
Let h = -1648 - -1650. What is the greatest common divisor of h and 48?
2
Let y be 3*(-1 - (-3 + 1)). Let q be 1873/y - 1/3. Let v be (-2)/(-5) + q/40. Calculate the greatest common divisor of v and 8.
8
Suppose 0 = 4*g - 14 - 42. Suppose -g*y + y = -312. What is the greatest common divisor of y and 36?
12
Suppose -194*q + 14 = -192*q. Let j(y) = 40*y - 6. Let b be j(4). Suppose 0 = q*i - 9*i + b. What is the highest common divisor of i and 11?
11
Let d(v) = -v**2 - 7*v - 6. Let w be d(-4). Suppose -11 = 10*g - 71. Calculate the highest common divisor of w and g.
6
Let v(s) = -s**3 - 15*s**2 - 35*s + 26. Let d be v(-12). What is the greatest common divisor of d and 182?
14
Let w be -11 - -12 - (-325 + (2 - 1)). Suppose -350 = -5*b + w. What is the greatest common factor of b and 15?
15
Let h(l) = l + 33. Let a be h(9). Let j be (-299)/(-3) - (2 + a/(-18)). Calculate the highest common factor of 25 and j.
25
Suppose 0*m - 4*m + f + 35 = 0, 0 = -3*m - f + 21. Calculate the greatest common factor of m and 10.
2
Let m(n) = n**3 + 10*n**2 + 8*n - 13. Let z be 8/40 - 46/5. Let l be m(z). Let w be 285/6 - 2/l. Calculate the greatest common factor of 12 and w.
12
Let t = 301 - 121. Suppose -5*z - 5*g = -t, -3*z - 4*g + 108 = -9*g. Calculate the highest common divisor of 9 and z.
9
Suppose 84*u - 455 = 77*u. Suppose 2*h - 3*q = 6*h - 37, q = -5*h + 60. What is the highest common divisor of h and u?
13
Let n = -1 - -33. Suppose -n = -i - 4*r + 174, -386 = -2*i + 5*r. Let p be 22/44 - ((-105)/(-2))/(-3). What is the greatest common divisor of p and i?
18
Let z be -154*2*3/(-6). Let k = 320 + -298. Calculate the greatest common factor of z and k.
22
Let x(b) = -15*b - 20. Let j be x(-2). Let q be (5 - 9/2)*j. Calculate the greatest common factor of q and 20.
5
Let p = 35 - 33. Suppose p + 82 = 4*d. What is the highest common divisor of d and 21?
21
Let d(p) = 9*p**3 - 2*p**2 + 3 - 15*p**3 + 1 - 3. Let w be d(-1). Suppose -w*q + 40 = -5*r, -q - r + 0*r = -10. What is the highest common factor of q and 72?
9
Suppose -2*b = 2*b + 288. Let u = b - -117. Calculate the greatest common divisor of 30 and u.
15
Suppose 77*a - 74*a + 15 = 0. Let v(x) = x**2 - 2*x - 34. Let w be v(a). What is the greatest common divisor of 11 and w?
1
Let k be (5/(-2))/((-13)/(-26)). Let i be (-5 + (-18)/(-10))/(1/k). What is the greatest common divisor of i and 16?
16
Let s(l) = -l**3 + 9*l**2 + l - 9. Let a be s(9). Let h be (1 + a)*1 - -69. Suppose 2*j + 3*j - 140 = 0. What is the highest common factor of j and h?
14
Let l = -39 - -246. What is the greatest common divisor of 46 and l?
23
Let s(g) = 14*g - 8. Let i be s(3). Suppose 111 + i = 5*k. Let c = k - 22. What is the greatest common factor of 63 and c?
7
Let o(s) = -s**3 + 7*s**2 - s - 6. Let r be o(3). What is the highest common divisor of r and 216?
27
Let t be 3/(-6)*16/(-12)*54. What is the highest common divisor of 3 and t?
3
Let n(y) = 2*y**3 - 4*y**2 + 2*y + 43. Let k be n(0). Calculate the highest common factor of 6 and k.
1
Let p(n) = -6*n - 4. Let r(t) = -11*t - 7. Let s(f) = 5*p(f) - 3*r(f). Let z be s(7). Calculate the greatest common factor of 55 and z.
11
Suppose 3*n = 10*n - 2093. Calculate the greatest common divisor of n and 46.
23
Suppose 2*p - 5*z - 18 = 0, p - 3*z - 10 = -0*z. Let m be 84 - (p + 1 + -1). Calculate the greatest common divisor of m and 10.
10
Let x(g) = -3*g - 3. Let v(s) = -s - 1. Let q(u) = 6*v(u) - 3*x(u). Let j be q(3). What is the greatest common divisor of j and 18?
6
Let j = 1 + 27. Let z be (0 - 9)*(-574)/123. Calculate the highest common factor of j and z.
14
Let m = 5 - -1. Suppose -m*x + 10 = -x. Calculate the greatest common factor of x and 4.
2
Suppose g - p = -32, g = 3*p - 58 + 18. Let c be (9/6)/((-3)/g). Calculate the greatest common factor of c and 70.
14
Let y be 10 - (4/(-8) - -1)*0. Suppose 0 = -w + 3*w. Let b be -1 + w + 1 + 25. What is the highest common factor of b and y?
5
Let h = -5 - 5. Let m(n) = -5 - n**2 - 4 - 12*n + 0*n**2. Let w be m(h). What is the greatest common divisor of w and 77?
11
Suppose -97*m - 2210 = -107*m. What is the highest common factor of m and 13?
13
Let o be 288/27 + 2/(-3). Calculate the greatest common divisor of 16 and o.
2
Let d be (3 - 24/(-1)) + 3. Let y = -40 + d. Let m be (0 + -3)/(3/y). Calculate the greatest common factor of m and 40.
10
Let j(b) = b**3 + 18*b**2 + 23*b. Let p be j(-15). What is the greatest common factor of 30 and p?
30
Let w be -7 - -16 - (-6 + 2). Suppose -12 = w*f - 17*f. Suppose 2*b = -5*d + 53, -b + 124 = 4*b + 4*d. What is the greatest common factor of b and f?
3
Let w(f) = 20*f - 204. Let v be w(15). Calculate the highest common divisor of v and 240.
48
Suppose 18*u + 36 = 22*u. What is the highest common factor of 18 and u?
9
Let x(a) = -a**2 + 19*a - 4. Let u be x(19). Let i be 1*(u + 4 + 9). What is the highest common factor of i and 99?
9
Let u(i) = i**3 - 5*i**2 + 8*i - 9. Let t = 33 - 29. Let l be u(t). What is the highest common factor of 21 and l?
7
Suppose -230 + 182 = -12*f. Calculate the highest common factor of 324 and f.
4
Let u = 223 - 115. Suppose -2*a + u = -3*m + m, -2*a = -m - 112. Suppose -x - 4*x = -2*i - 121, 4*i - a = -2*x. What is the highest common factor of x and 5?
5
Suppose 0 = -t + 3*d + 70, 2*t = -3*t - 3*d + 386. Suppose -184 = -5*s + t. What is the highest common factor of s and 13?
13
Let s(p) = p**2 - 18*p + 4. Let v be s(18). Suppose 0 = -v*g - g + 1870. Calculate the greatest common divisor of 34 and g.
34
Let d be 1 + 2 + 25 + 12. Calculate the greatest common divisor of 10 and d.
10
Let p = -24 - -26. Suppose 4*d - p*d = 8. Suppose 0*v + 252 = d*v. Calculate the highest common divisor of 7 and v.
7
Let r be (4*20)/4 + (-1 - 2). Suppose 32 = -15*z + r*z. Calculate the highest common factor of z and 48.
16
Let g = -8 + 16. Suppose -15 = 5*a, 4*s - 3*a - 2 = 11. Calculate the greatest common factor of g and s.
1
Suppose -l - 111 = 3*c + 51, -162 = 3*c + 3*l. Let n = -33 - c. Let j = -13 + n. Calculate the greatest common divisor of j and 56.
8
Let r be 14 + 0*5/20. Suppose 75 = 4*m + 3*v, -2*m + 26 = -2*v - 22. What is the greatest common divisor of m and r?
7
Let z(n) = n**3 - 4*n**2 - 3*n - 7. Let x be z(5). Suppose -5*d + x*d = 3*p - 34, -3*d = p - 58. What is the highest common divisor of d and 10?
10
Let n(d) = d**3 - 10*d**2 - 35*d - 30. Let f be n(14). Calculate the highest common factor of f and 1672.
88
Let s be (-221)/52*20*-1. Suppose 5*j = 8*j - 51. What is the highest common divisor of j and s?
17
Let o(l) = l**3 - 8*l**2 - 8*l - 7. Let q be o(9). Suppose -q*b + 23 = 7. Let g = 38 - b. Calculate the greatest common divisor of g and 6.
6
Let x be (63/(-18))/((-2)/12). What is the highest common divisor of 3 and x?
3
Let x be (3/(-9) + -1)/(8/(-12)). Suppose 3*t + x*t - 202 = y, -2*t + 70 = 5*y. Let r be 20/3*6/2. Calculate the highest common factor of t and r.
20
Let o(p) be the second derivative of p**5/20 - p**4 + p**3/6 - p**2 - 32*p. Let k be o(12). What is the greatest common factor of 30 and k?
10
Suppose 25 = -x - 3*b, -2*x + b + 27 = -3*x. Let g = -27 - x. What is the highest common factor of g and 2?
1
Let r(q) = q**3 + 15*q**2 + 2*q + 32. Let a be r(-14). What is the greatest common factor of 8 and a?
8
Suppose 3*g + 40*i - 35*i = 284, -5*g + 4*i = -424. Suppose 2*q = 4*j - 92, -2*j - 48 = -4*j + 2*q. Calculate the highest common divisor of j and g.
22
Suppose -3*h = 3*i - 15, 2*i - i = -3*h + 5. Suppose m - 5*q = 15 + 5, -2 = q. What is the greatest common divisor of i and m?
5
Let s be 3/5 - (-148)/20. Let q = s + 13. Suppose -5*j + 6 = -29. What is the highest common divisor of q and j?
7
Let r(q) = -15*q - 20. Let s(c) = -c**2 - 13*c + 8. Let z be s(-14). Let y be r(z). Suppose v - 14 = 14. What is the greatest common divisor of v and y?
14
Suppose d + 23 = 3*k + 2*d, -2*k + 20 = -4*d. Let q be 36/k + 3/6. What is the highest common factor of q and 55?
5
Let h be 26/5 - (-1)/(-5). Suppose -h*t + 66 + 739 = 0. Suppose -4*v + 5*u + 72 = 0, 2*u = v + v - 38. What is the highest common factor of v and t?
23
Let q(d) = -d**3 + 21*d**